culate k(j).
-19
Let y(j) = j**2 - 23*j + 52. Let z be y(24). Let q = z + -80. Let k(c) = 3*c**2 + 5*c + 6. Determine k(q).
34
Suppose 5*h = -5*c + 20, 5*h + 4*c = -4 + 21. Let m(y) = -9 - 2*y**2 + 17*y**2 - y + 9. Calculate m(h).
14
Let c(v) = -v**2 - 23*v - 121. Let b(a) = -82*a - 664. Let i be b(-8). Give c(i).
-1
Let j be -5*1/(1 + 0). Let c(l) be the third derivative of l**6/120 + l**5/15 + l**4/24 + 5*l**3/6 + l**2 - 4992*l. Calculate c(j).
-25
Let z(m) be the second derivative of -m**3 + m**2 - 10*m. Suppose -7 - 13 = -2*x. Suppose -6*k + k = -x, 4 = 5*c - 3*k. Calculate z(c).
-10
Let a(d) = d. Let q be (-1*4/(-4))/((-3)/135). Let g be 150/q*(-6)/5. Determine a(g).
4
Let a be 9/7 + (-12)/42. Let k(c) = -c**3 - 3*c**2 - c + 4. Let l(n) = 3 + 2 - 3 - 1. Let q(d) = a*k(d) - 5*l(d). Give q(-2).
-3
Let p be ((55/(-11))/(-10))/((-2)/(-76)). Suppose p = 13*a - 7. Let r(q) = q**3 + 2*q**2 - q + 2. Calculate r(a).
16
Let f(z) be the second derivative of 1/2*z**3 - z - 2 - 5/2*z**2. Calculate f(3).
4
Let w(z) = -14 + 40*z + 174 - 165. Give w(1).
35
Suppose -5*f + 2*f = 30. Suppose 32 = -10*z + 112. Let w(q) = -z + 15 + 2*q + 13 - q. Give w(f).
10
Let y(f) = -2*f**2 + 7*f + 2. Let n(a) = -30*a**2 + 4*a**3 - 5*a**3 - 21 + 32 - 31*a - 64. Let b be n(-29). Calculate y(b).
-13
Let w(k) = -25 - 33*k**2 - 6*k**2 - 6*k**2 + 46*k**2 - 9*k. What is w(11)?
-3
Let m(z) = -33*z + 98. Let o be m(3). Let a(u) = 13*u + 14. Let p be a(o). Let f(r) = -27*r. What is f(p)?
-27
Let a(m) = -4*m + 3. Let b be a(-3). Let o(u) be the second derivative of u**5/20 - 5*u**4/4 - u**3/6 + 10*u**2 + 288*u - 6. Calculate o(b).
5
Let n(z) = z. Let g be n(0). Let q(l) be the third derivative of 58*l**2 + 0*l**5 + 0*l + 1/24*l**4 - 1/120*l**6 + 0 + 10/3*l**3. What is q(g)?
20
Let r(u) be the second derivative of -1/2*u**2 + 1/12*u**4 + 80*u + 0 + 2/3*u**3. What is r(-7)?
20
Let k(b) = -2*b + 7. Let j(d) = 3*d - 60. Let z(g) = 2*g - 61. Let q(u) = -4*j(u) + 3*z(u). Let p be q(11). Give k(p).
25
Let w(z) be the third derivative of z**6/120 + z**5/4 - 7*z**4/24 - 11*z**3/3 + 176*z**2 - 4*z. Give w(-15).
83
Let i(d) = 3*d. Suppose 6 = 2*h + h. Suppose -4*q - h*u = -14, 0*u - u = 1. Suppose 0 = -2*v + 2*p + 2, 0 = -5*v + 7*p - q*p - 1. Determine i(v).
-6
Let p be (-1)/16*68*4. Let h(x) = x**3 + 15*x**2 - 34*x - 10. What is h(p)?
-10
Let g(b) = -14 - 7*b + 17 + 11*b**2 - 10*b**2. Suppose 9*m + 20 = 4*m, 3*m = -l - 34. Let n = l + 27. Calculate g(n).
-7
Let h(z) be the first derivative of -z**4/4 - 3*z**3 + 3*z**2 - 34*z - 3699. Calculate h(-10).
6
Let c(y) be the second derivative of -5/6*y**3 - 1/12*y**4 + y - 9/2*y**2 + 0. Let t = -133 + 127. Determine c(t).
-15
Let c(b) = 2*b**3 + 5*b**2 - b. Let y(d) = -d**3 + 18*d**2 - 22*d - 164. Let j be y(16). Calculate c(j).
-44
Let x(b) = -b**3 + 6*b**2 + 2*b + 2. Let n(y) = -28*y + 958. Let w be n(34). What is x(w)?
14
Suppose -5*a + 2*i = 8, -i + 16 = -2*a + 3*i. Suppose 0 = -5*k + l + 3*l - 19, a = -5*k + 3*l - 18. Let c(n) = -3*n - 4. What is c(k)?
5
Let v(s) = -4*s + 35. Let i(m) be the third derivative of 0 + 3/2*m**3 + 6*m**2 + 0*m - 1/24*m**4. Let l(d) = 9*i(d) - 2*v(d). Determine l(8).
3
Let j(v) = -3*v**2 - 5*v + 4. Suppose 2*c - 3*c = -1. Let z be j(c). Let r(m) = m**2 + 3*m - 3. What is r(z)?
1
Let g(l) be the first derivative of -7*l**2/2 + 32*l - 894. Determine g(4).
4
Let i = 922/7 - 22093/168. Let x(w) be the third derivative of -14*w**2 + 0*w + 0 + 0*w**3 - i*w**4. What is x(-1)?
5
Suppose 20*m - 24*m = 1616. Let z = m - -403. Let h(f) = 4*f - 1. Determine h(z).
-5
Let k(c) be the first derivative of -2*c**3/3 - 4*c**2 - 13*c - 116723. Suppose -2*s + 7*s + 2*m = -23, 0 = 4*s + 2*m + 20. Determine k(s).
-7
Suppose 5*y = y - 104. Let b = y + 22. Let q(x) be the second derivative of x**5/20 + x**4/3 + 2*x**3/3 + 2*x**2 + 1059*x. Give q(b).
-12
Let o = -5212 + 5213. Let l(d) be the third derivative of 3*d**4/8 + d**2. Calculate l(o).
9
Let w(l) = l**3 + l**2 - l + 1. Let g(b) = -b**3 - b**2 + b. Suppose -4*m + 0*m = 0. Suppose -y + m*y + 16 = 4*d, 0 = d - 4. Let j be g(y). What is w(j)?
1
Let z(y) = -6*y - 28. Let s(r) = 3*r - 1. Let l(o) = -2*s(o) + z(o). What is l(-3)?
10
Let z = 82 - 40. Suppose z = 7*w - 8*w. Let q = 44 + w. Let a(k) = -k - 1. What is a(q)?
-3
Let m(s) = 7*s**2 + 23*s + 13. Let u(q) = 24*q**2 + 84*q + 39. Let l(z) = 21*m(z) - 6*u(z). Calculate l(4).
3
Let o(x) = x**3 + 16*x**2 - 33*x + 4. Let p(v) = v**2 - 112*v + 3114. Let y be p(58). Determine o(y).
-50
Let h(i) be the third derivative of -i**6/120 - 3*i**5/20 - i**4/4 - i**3 - 4069*i**2. Give h(-9).
48
Let t be 1 + (-4)/20 + 2/10. Let w(s) be the third derivative of -2*s**5/5 - s**4/24 + 5*s**2. Calculate w(t).
-25
Suppose -36 = -6*x - 126. Let a be (1/(-3))/(x/(-180)). Let j(p) = -p**2 - p + 3. What is j(a)?
-9
Let c(l) = l**3 + 2*l**2 - 11*l + 6. Let a(s) = 2*s**2 - 68*s + 61. Let f be a(33). What is c(f)?
-14
Let q(h) be the first derivative of -h**5/60 - 7*h**4/24 - 5*h**3/6 + 29*h**2/2 - h - 60. Let p(b) be the second derivative of q(b). Calculate p(-7).
-5
Let b(t) = -13*t**3. Let l be 8/(-6) - (2 - 34/(-6)). Let k be (4*(-3)/l)/((-16)/(-12)). Give b(k).
-13
Let y(o) = -o**2 - 2*o + 37. Suppose 320 - 206 = 19*a. What is y(a)?
-11
Let b(v) be the second derivative of 7/2*v**2 + 1/6*v**3 - v + 25. Give b(-11).
-4
Let u(v) be the second derivative of -2*v + 109 - 1/6*v**3 - 3/2*v**2. Calculate u(-2).
-1
Let v(j) = -7 + 20 - 26*j**3 - j**2 - 4 - 8. Let p be (-2 + 3)*3*(-8)/24. What is v(p)?
26
Let i(a) = 54 + 5 + 2*a - 13 + 35 - a**2 - 13. What is i(-7)?
5
Let v(q) = q**2 - 7. Suppose -3*f = -2*u - 20, 3*f + 8*u - 6*u = 4. Let z(l) = l**2 - l - 8. Let j(p) = f*z(p) - 5*v(p). Calculate j(-4).
3
Let d(v) = 3*v**2 - 25*v + 10. Let g be 18/(108/(-30)) - 12/(-1). Determine d(g).
-18
Let x(z) = z**2 + 17*z + 62. Suppose 0 = -2*j - 7*j - 66 - 33. Calculate x(j).
-4
Let s(o) = o**3 + 13*o**2 - 14*o - 8. Suppose 267*f = -4*c + 262*f - 86, -4*f = 2*c + 52. What is s(c)?
-8
Let k be ((-2)/5)/(7 - (-568)/(-80)). Suppose 0 = -i + q + 12, k*q + 17 + 7 = i. Let a(d) = d**3 - 9*d**2 + 9*d - 11. Calculate a(i).
-3
Let z be (-2 - (-352)/77)/((-6)/(-21)). Let g(f) = -3*f**2 + 24*f + 13. What is g(z)?
-14
Let j = -61 - -67. Let v(h) = h**3 + 7*h**3 - 6*h + 6 - 16 + j*h**3 - 6*h**2 - 13*h**3. Give v(7).
-3
Let w(q) = 12 - 11*q - 13 + 65*q - q**2 - 19*q - 22*q. Calculate w(10).
29
Let v(g) be the second derivative of g**6/120 + g**5/12 - 5*g**4/24 + 3*g**2/2 + 9*g - 7. Let p(i) be the first derivative of v(i). Calculate p(-6).
-6
Let a(d) = -9*d**2 + 30*d - 10. Let w(x) = -29*x**2 + 92*x - 36. Let j(u) = 13*a(u) - 4*w(u). Calculate j(23).
-9
Let o(w) be the third derivative of w**4/8 - w**3/3 + 2*w**2. Let v(g) = 161*g - 18351. Let c be v(114). Give o(c).
7
Let v(d) = -962*d**3 + 1928*d**3 + d**2 - 967*d**3 - 27. What is v(0)?
-27
Let s(v) = 17 + 18 + v**2 + 11*v - 20. Let k be (460/12)/23*-6. Give s(k).
5
Let d(l) be the third derivative of -1/6*l**3 + 45*l**2 + 0 + 0*l + 13/24*l**4. What is d(2)?
25
Let y(l) = 9*l**2 + l + 1. Let h = 4121 + -4123. Give y(h).
35
Let j(c) = -c**2 + 4*c + 2. Let f be (2 + (-57)/33)*(-122 - -133). Give j(f).
5
Let l(y) = 928*y + 43 - 316*y - 312*y - 310*y. Determine l(6).
-17
Let f(m) = -27*m**2 + 101*m + 73. Let w(a) = 10*a**2 - 36*a - 25. Let u(l) = -3*f(l) - 8*w(l). Determine u(15).
-19
Let x(g) = -41*g**2 - 9*g + 14. Let s(d) = 3*d**2 + d - 2. Let t(o) = 14*s(o) + x(o). Determine t(-7).
0
Let x(m) be the third derivative of -m**4/4 + 5*m**3/3 + 5*m**2 - 55. Give x(9).
-44
Let u be 178/((-3 - -1)*-1). Let p = u + -90. Let k be -5 + (p - (-4)/1). Let m(l) = 3*l + 3. Calculate m(k).
-3
Let x(m) = 233*m - 77*m - m**3 - 77*m - m**2 - 78*m + 10. Suppose 0*o = -4*o - 32. Let f(g) = -g**3 - 8*g**2. Let l be f(o). Determine x(l).
10
Suppose x - 18 = -2*x. Let k = -691 + 693. Let u(d) = -5*d + 1. Let j(c) = -7*c - 1. Let b(m) = k*j(m) - 3*u(m). Give b(x).
1
Let t(p) = p**3 - 5*p**2 + 3*p + 3. Suppose -30 + 118 = 8*w. Let k(z) = z**2 + z - 128. Let u be k(w). Give t(u).
-1
Let y(w) = 6 + 5*w**2 + 6*w - w**2 - 8 - 5*w**2. Suppose -25*u + 3 = -5*k - 29*u, k = -u - 2. What is y(k)?
3
Let g(l) = 73 - 75 + 6 - 4*l. Let r = -19 - -5. Let x(w) = w**2 + 1